{"id":1693,"date":"2024-03-09T17:41:40","date_gmt":"2024-03-09T17:41:40","guid":{"rendered":"http:\/\/www.benkadi.fr\/?page_id=1693"},"modified":"2024-03-10T18:00:49","modified_gmt":"2024-03-10T18:00:49","slug":"pierre-normand","status":"publish","type":"page","link":"http:\/\/www.benkadi.fr\/?page_id=1693","title":{"rendered":"Pierre Normand"},"content":{"rendered":"\n<div class=\"wp-block-columns is-layout-flex wp-container-core-columns-layout-1 wp-block-columns-is-layout-flex\">\n<div class=\"wp-block-column is-layout-flow wp-block-column-is-layout-flow\"><div class=\"wp-block-image is-style-rounded\">\n<figure class=\"aligncenter size-full is-resized\"><a href=\"http:\/\/www.benkadi.fr\/wp-content\/uploads\/2024\/03\/Pierre-2.jpg\"><img loading=\"lazy\" decoding=\"async\" width=\"525\" height=\"526\" src=\"http:\/\/www.benkadi.fr\/wp-content\/uploads\/2024\/03\/Pierre-2.jpg\" alt=\"\" class=\"wp-image-1525\" style=\"width:249px;height:auto\" srcset=\"http:\/\/www.benkadi.fr\/wp-content\/uploads\/2024\/03\/Pierre-2.jpg 525w, http:\/\/www.benkadi.fr\/wp-content\/uploads\/2024\/03\/Pierre-2-300x300.jpg 300w, http:\/\/www.benkadi.fr\/wp-content\/uploads\/2024\/03\/Pierre-2-150x150.jpg 150w, http:\/\/www.benkadi.fr\/wp-content\/uploads\/2024\/03\/Pierre-2-400x400.jpg 400w, http:\/\/www.benkadi.fr\/wp-content\/uploads\/2024\/03\/Pierre-2-270x270.jpg 270w\" sizes=\"(max-width: 525px) 100vw, 525px\" \/><\/a><\/figure><\/div><\/div>\n\n\n\n<div class=\"wp-block-column is-layout-flow wp-block-column-is-layout-flow\">\n<p class=\"has-text-align-left\">Pierre est percussionniste et<br>balafoniste professionnel depuis<br>plus de dix ans. Sp\u00e9cialis\u00e9 dans les<br>musiques d&rsquo;Afrique de l&rsquo;ouest il a<br>particip\u00e9 \u00e0 de nombreuses<br>formations (Barati, Iro et les fr\u00e8res<br>Tarapanga, la Compagnie Corps<br>Ivoire, Terikan, Baba Tour\u00e9 &amp; Ayena,<br>etc). Form\u00e9 \u00e0 la p\u00e9dagogie musicale<br>par Terre des Arts, il partage son<br>temps entre les concerts et les<br>projets p\u00e9dagogiques.<\/p>\n<\/div>\n<\/div>\n\n\n\n<div style=\"height:38px\" aria-hidden=\"true\" class=\"wp-block-spacer\"><\/div>\n\n\n\n<div class=\"wp-block-buttons is-content-justification-center is-layout-flex wp-container-core-buttons-layout-1 wp-block-buttons-is-layout-flex\">\n<div class=\"wp-block-button has-custom-width wp-block-button__width-50 is-style-fill\"><a class=\"wp-block-button__link has-background has-text-align-center wp-element-button\" href=\"http:\/\/www.benkadi.fr\/?page_id=1686\" style=\"border-radius:100px;background-color:#ed6e37\">percussions mandingues<\/a><\/div>\n<\/div>\n","protected":false},"excerpt":{"rendered":"<p>Pierre est percussionniste etbalafoniste professionnel depuisplus de dix ans. Sp\u00e9cialis\u00e9 dans lesmusiques d&rsquo;Afrique de l&rsquo;ouest il aparticip\u00e9 \u00e0 de nombreusesformations (Barati, Iro et les fr\u00e8resTarapanga, la Compagnie CorpsIvoire, Terikan, Baba Tour\u00e9 &amp; Ayena,etc). Form\u00e9 \u00e0 la p\u00e9dagogie musicalepar Terre des &#8230;<\/p>\n","protected":false},"author":33,"featured_media":0,"parent":0,"menu_order":0,"comment_status":"closed","ping_status":"closed","template":"","meta":{"footnotes":""},"_links":{"self":[{"href":"http:\/\/www.benkadi.fr\/index.php?rest_route=\/wp\/v2\/pages\/1693"}],"collection":[{"href":"http:\/\/www.benkadi.fr\/index.php?rest_route=\/wp\/v2\/pages"}],"about":[{"href":"http:\/\/www.benkadi.fr\/index.php?rest_route=\/wp\/v2\/types\/page"}],"author":[{"embeddable":true,"href":"http:\/\/www.benkadi.fr\/index.php?rest_route=\/wp\/v2\/users\/33"}],"replies":[{"embeddable":true,"href":"http:\/\/www.benkadi.fr\/index.php?rest_route=%2Fwp%2Fv2%2Fcomments&post=1693"}],"version-history":[{"count":7,"href":"http:\/\/www.benkadi.fr\/index.php?rest_route=\/wp\/v2\/pages\/1693\/revisions"}],"predecessor-version":[{"id":1925,"href":"http:\/\/www.benkadi.fr\/index.php?rest_route=\/wp\/v2\/pages\/1693\/revisions\/1925"}],"wp:attachment":[{"href":"http:\/\/www.benkadi.fr\/index.php?rest_route=%2Fwp%2Fv2%2Fmedia&parent=1693"}],"curies":[{"name":"wp","href":"https:\/\/api.w.org\/{rel}","templated":true}]}}

<div class="wp-block-columns is-layout-flex wp-container-core-columns-layout-1 wp-block-columns-is-layout-flex">
<div class="wp-block-column is-layout-flow wp-block-column-is-layout-flow"><div class="wp-block-image is-style-rounded">
<figure class="aligncenter size-full is-resized"><a href="http://www.benkadi.fr/wp-content/uploads/2024/03/Pierre-2.jpg"><img loading="lazy" decoding="async" width="525" height="526" src="http://www.benkadi.fr/wp-content/uploads/2024/03/Pierre-2.jpg" alt="" class="wp-image-1525" style="width:249px;height:auto" srcset="http://www.benkadi.fr/wp-content/uploads/2024/03/Pierre-2.jpg 525w, http://www.benkadi.fr/wp-content/uploads/2024/03/Pierre-2-300x300.jpg 300w, http://www.benkadi.fr/wp-content/uploads/2024/03/Pierre-2-150x150.jpg 150w, http://www.benkadi.fr/wp-content/uploads/2024/03/Pierre-2-400x400.jpg 400w, http://www.benkadi.fr/wp-content/uploads/2024/03/Pierre-2-270x270.jpg 270w" sizes="(max-width: 525px) 100vw, 525px" /></a></figure></div></div>



<div class="wp-block-column is-layout-flow wp-block-column-is-layout-flow">
<p class="has-text-align-left">Pierre est percussionniste et<br>balafoniste professionnel depuis<br>plus de dix ans. Spécialisé dans les<br>musiques d&rsquo;Afrique de l&rsquo;ouest il a<br>participé à de nombreuses<br>formations (Barati, Iro et les frères<br>Tarapanga, la Compagnie Corps<br>Ivoire, Terikan, Baba Touré &amp; Ayena,<br>etc). Formé à la pédagogie musicale<br>par Terre des Arts, il partage son<br>temps entre les concerts et les<br>projets pédagogiques.</p>
</div>
</div>



<div style="height:38px" aria-hidden="true" class="wp-block-spacer"></div>



<div class="wp-block-buttons is-content-justification-center is-layout-flex wp-container-core-buttons-layout-1 wp-block-buttons-is-layout-flex">
<div class="wp-block-button has-custom-width wp-block-button__width-50 is-style-fill"><a class="wp-block-button__link has-background has-text-align-center wp-element-button" href="http://www.benkadi.fr/?page_id=1686" style="border-radius:100px;background-color:#ed6e37">percussions mandingues</a></div>
</div>

<p>Pierre est percussionniste etbalafoniste professionnel depuisplus de dix ans. Spécialisé dans lesmusiques d&rsquo;Afrique de l&rsquo;ouest il aparticipé à de nombreusesformations (Barati, Iro et les frèresTarapanga, la Compagnie CorpsIvoire, Terikan, Baba Touré &amp; Ayena,etc). Formé à la pédagogie musicalepar Terre des &#8230;</p>
