{"id":2027,"date":"2024-08-28T13:34:40","date_gmt":"2024-08-28T13:34:40","guid":{"rendered":"http:\/\/www.benkadi.fr\/?page_id=2027"},"modified":"2024-08-28T13:36:01","modified_gmt":"2024-08-28T13:36:01","slug":"anne-sahuc","status":"publish","type":"page","link":"http:\/\/www.benkadi.fr\/?page_id=2027","title":{"rendered":"Anne Sahuc"},"content":{"rendered":"<p>[vc_row][vc_column][vc_column_text]<\/p>\r\n<div class=\"wp-block-columns is-layout-flex wp-container-core-columns-layout-1 wp-block-columns-is-layout-flex\">\r\n<div class=\"wp-block-column is-layout-flow wp-block-column-is-layout-flow\" style=\"flex-basis: 33.33%;\">\r\n<figure class=\"wp-block-image size-full is-resized is-style-rounded\"><a href=\"http:\/\/www.benkadi.fr\/wp-content\/uploads\/2024\/08\/portrait.jpg\"><img loading=\"lazy\" decoding=\"async\" class=\"alignnone wp-image-2031 size-medium\" style=\"width: 252px; height: auto;\" src=\"http:\/\/www.benkadi.fr\/wp-content\/uploads\/2024\/08\/portrait-255x300.jpg\" alt=\"Anne Sahuc\" width=\"255\" height=\"300\" srcset=\"http:\/\/www.benkadi.fr\/wp-content\/uploads\/2024\/08\/portrait-255x300.jpg 255w, http:\/\/www.benkadi.fr\/wp-content\/uploads\/2024\/08\/portrait.jpg 642w\" sizes=\"(max-width: 255px) 100vw, 255px\" \/><\/a><\/figure>\r\n<p><\/p>\r\n<\/div>\r\n<p><br \/><\/p>\r\n<div class=\"wp-block-column is-layout-flow wp-block-column-is-layout-flow\" style=\"flex-basis: 66.66%;\">\r\n<p class=\"has-text-align-left\" style=\"font-size: 17px;\">Anne est musicienne intervenante dans les \u00e9coles et cheffe de ch\u0153ur, apr\u00e8s avoir \u00e9t\u00e9 professeure des \u00e9coles et formatrice. Elle aime explorer la musique sous toutes ses facettes, des percussions corporelles aux com\u00e9dies musicales, avec une pr\u00e9dilection pour les chants polyphoniques du monde, notamment les chants du monde anglo-saxons (Etats-Unis, Ecosse, Irlande, Angleterre&#8230;)<\/p>\r\n<p><\/p>\r\n<\/div>\r\n<p><\/p>\r\n<\/div>\r\n<p><br \/><\/p>\r\n<div class=\"wp-block-spacer\" style=\"height: 20px;\" aria-hidden=\"true\">\u00a0<\/div>\r\n<p><br \/><\/p>\r\n<blockquote class=\"wp-block-quote\">\r\n<p>La bienveillance et le partage sont au c\u0153ur de ma pratique du chant polyphonique, et je le revendique haut et fort. J&rsquo;aime la forme du cercle quand nous chantons ensemble : concr\u00e8tement et symboliquement, chacun a toute sa place parmi les autres. Nos voix se tissent les unes avec les autres pour former une \u00e9toffe riche des timbres de chacune et chacun.<\/p>\r\n<\/blockquote>\r\n<p><br \/><\/p>\r\n<div class=\"wp-block-buttons is-content-justification-center is-layout-flex wp-container-core-buttons-layout-1 wp-block-buttons-is-layout-flex\">\r\n<div class=\"wp-block-button\"><a class=\"wp-block-button__link has-background wp-element-button\" style=\"background-color: #ed6e37;\" href=\"http:\/\/www.benkadi.fr\/?page_id=1897\">Chorale polyphonique<\/a><\/div>\r\n<p><\/p>\r\n<\/div>\r\n<p>[\/vc_column_text][\/vc_column][\/vc_row]<\/p>","protected":false},"excerpt":{"rendered":"<p>[vc_row][vc_column][vc_column_text] Anne est musicienne intervenante dans les \u00e9coles et cheffe de ch\u0153ur, apr\u00e8s avoir \u00e9t\u00e9 professeure des \u00e9coles et formatrice. Elle aime explorer la musique sous toutes ses facettes, des percussions corporelles aux com\u00e9dies musicales, avec une pr\u00e9dilection pour les &#8230;<\/p>\n","protected":false},"author":8883,"featured_media":0,"parent":0,"menu_order":0,"comment_status":"closed","ping_status":"closed","template":"","meta":{"footnotes":""},"_links":{"self":[{"href":"http:\/\/www.benkadi.fr\/index.php?rest_route=\/wp\/v2\/pages\/2027"}],"collection":[{"href":"http:\/\/www.benkadi.fr\/index.php?rest_route=\/wp\/v2\/pages"}],"about":[{"href":"http:\/\/www.benkadi.fr\/index.php?rest_route=\/wp\/v2\/types\/page"}],"author":[{"embeddable":true,"href":"http:\/\/www.benkadi.fr\/index.php?rest_route=\/wp\/v2\/users\/8883"}],"replies":[{"embeddable":true,"href":"http:\/\/www.benkadi.fr\/index.php?rest_route=%2Fwp%2Fv2%2Fcomments&post=2027"}],"version-history":[{"count":4,"href":"http:\/\/www.benkadi.fr\/index.php?rest_route=\/wp\/v2\/pages\/2027\/revisions"}],"predecessor-version":[{"id":2034,"href":"http:\/\/www.benkadi.fr\/index.php?rest_route=\/wp\/v2\/pages\/2027\/revisions\/2034"}],"wp:attachment":[{"href":"http:\/\/www.benkadi.fr\/index.php?rest_route=%2Fwp%2Fv2%2Fmedia&parent=2027"}],"curies":[{"name":"wp","href":"https:\/\/api.w.org\/{rel}","templated":true}]}}

<p>[vc_row][vc_column][vc_column_text]</p>
<div class="wp-block-columns is-layout-flex wp-container-core-columns-layout-1 wp-block-columns-is-layout-flex">
<div class="wp-block-column is-layout-flow wp-block-column-is-layout-flow" style="flex-basis: 33.33%;">
<figure class="wp-block-image size-full is-resized is-style-rounded"><a href="http://www.benkadi.fr/wp-content/uploads/2024/08/portrait.jpg"><img loading="lazy" decoding="async" class="alignnone wp-image-2031 size-medium" style="width: 252px; height: auto;" src="http://www.benkadi.fr/wp-content/uploads/2024/08/portrait-255x300.jpg" alt="Anne Sahuc" width="255" height="300" srcset="http://www.benkadi.fr/wp-content/uploads/2024/08/portrait-255x300.jpg 255w, http://www.benkadi.fr/wp-content/uploads/2024/08/portrait.jpg 642w" sizes="(max-width: 255px) 100vw, 255px" /></a></figure>
<p></p>
</div>
<p><br /></p>
<div class="wp-block-column is-layout-flow wp-block-column-is-layout-flow" style="flex-basis: 66.66%;">
<p class="has-text-align-left" style="font-size: 17px;">Anne est musicienne intervenante dans les écoles et cheffe de chœur, après avoir été professeure des écoles et formatrice. Elle aime explorer la musique sous toutes ses facettes, des percussions corporelles aux comédies musicales, avec une prédilection pour les chants polyphoniques du monde, notamment les chants du monde anglo-saxons (Etats-Unis, Ecosse, Irlande, Angleterre&#8230;)</p>
<p></p>
</div>
<p></p>
</div>
<p><br /></p>
<div class="wp-block-spacer" style="height: 20px;" aria-hidden="true"> </div>
<p><br /></p>
<blockquote class="wp-block-quote">
<p>La bienveillance et le partage sont au cœur de ma pratique du chant polyphonique, et je le revendique haut et fort. J&rsquo;aime la forme du cercle quand nous chantons ensemble : concrètement et symboliquement, chacun a toute sa place parmi les autres. Nos voix se tissent les unes avec les autres pour former une étoffe riche des timbres de chacune et chacun.</p>
</blockquote>
<p><br /></p>
<div class="wp-block-buttons is-content-justification-center is-layout-flex wp-container-core-buttons-layout-1 wp-block-buttons-is-layout-flex">
<div class="wp-block-button"><a class="wp-block-button__link has-background wp-element-button" style="background-color: #ed6e37;" href="http://www.benkadi.fr/?page_id=1897">Chorale polyphonique</a></div>
<p></p>
</div>
<p>[/vc_column_text][/vc_column][/vc_row]</p>

<p>[vc_row][vc_column][vc_column_text] Anne est musicienne intervenante dans les écoles et cheffe de chœur, après avoir été professeure des écoles et formatrice. Elle aime explorer la musique sous toutes ses facettes, des percussions corporelles aux comédies musicales, avec une prédilection pour les &#8230;</p>
