{"id":860,"date":"2016-03-25T09:39:59","date_gmt":"2016-03-25T09:39:59","guid":{"rendered":"http:\/\/www.benkadi.fr\/?page_id=860"},"modified":"2024-03-10T23:17:48","modified_gmt":"2024-03-10T23:17:48","slug":"lassociation","status":"publish","type":"page","link":"http:\/\/www.benkadi.fr\/?page_id=860","title":{"rendered":"L&rsquo;Association"},"content":{"rendered":"<div class=\"wp-block-image\">\n<figure class=\"aligncenter size-full is-resized\"><a href=\"http:\/\/www.benkadi.fr\/wp-content\/uploads\/2024\/03\/borderau-3.png\"><img loading=\"lazy\" decoding=\"async\" width=\"743\" height=\"65\" src=\"http:\/\/www.benkadi.fr\/wp-content\/uploads\/2024\/03\/borderau-3.png\" alt=\"\" class=\"wp-image-1828\" style=\"width:720px;height:auto\" srcset=\"http:\/\/www.benkadi.fr\/wp-content\/uploads\/2024\/03\/borderau-3.png 743w, http:\/\/www.benkadi.fr\/wp-content\/uploads\/2024\/03\/borderau-3-300x26.png 300w\" sizes=\"(max-width: 743px) 100vw, 743px\" \/><\/a><\/figure><\/div>\n\n\n<figure class=\"wp-block-image size-large\"><a href=\"http:\/\/www.benkadi.fr\/wp-content\/uploads\/2024\/03\/PMA8402-scaled.jpg\"><img loading=\"lazy\" decoding=\"async\" width=\"1024\" height=\"683\" src=\"http:\/\/www.benkadi.fr\/wp-content\/uploads\/2024\/03\/PMA8402-1024x683.jpg\" alt=\"\" class=\"wp-image-1782\" srcset=\"http:\/\/www.benkadi.fr\/wp-content\/uploads\/2024\/03\/PMA8402-1024x683.jpg 1024w, http:\/\/www.benkadi.fr\/wp-content\/uploads\/2024\/03\/PMA8402-300x200.jpg 300w, http:\/\/www.benkadi.fr\/wp-content\/uploads\/2024\/03\/PMA8402-768x513.jpg 768w, http:\/\/www.benkadi.fr\/wp-content\/uploads\/2024\/03\/PMA8402-1536x1025.jpg 1536w, http:\/\/www.benkadi.fr\/wp-content\/uploads\/2024\/03\/PMA8402-2048x1367.jpg 2048w, http:\/\/www.benkadi.fr\/wp-content\/uploads\/2024\/03\/PMA8402-800x534.jpg 800w\" sizes=\"(max-width: 1024px) 100vw, 1024px\" \/><\/a><\/figure>\n\n\n\n<div style=\"height:26px\" aria-hidden=\"true\" class=\"wp-block-spacer\"><\/div>\n\n\n\n<p class=\"has-medium-font-size\">\u00ab BENKADI \u00bb (ou \u00ab Fraternit\u00e9 \u00bb en Malink\u00e9) est une association pr\u00e9sente sur Nouvoitou depuis mars 2001. Elle propose des temps de rencontre et de partage autour des musiques et danses d\u2019Afrique.<\/p>\n\n\n\n<p class=\"has-medium-font-size\">La convivialit\u00e9 est le ma\u00eetre mot tant dans les cours hebdomadaires que dans les temps de rencontres, tels que les soir\u00e9es \u00ab\u00a0rouga\u00ef\u00a0\u00bb ou \u00ab\u00a0maf\u00e9\u00a0\u00bb de d\u00e9but d\u2019ann\u00e9e, l\u2019Assembl\u00e9e G\u00e9n\u00e9rale\/galette des rois ou encore le gala de fin d\u2019ann\u00e9e. Les adh\u00e9rents et les membres du CA se retrouvent avec plaisir pour \u00e9changer et pr\u00e9parer autour du projet associatif.<\/p>\n\n\n\n<p class=\"has-medium-font-size\">Les b\u00e9n\u00e9voles sont de plus en plus nombreux et d\u00e9sireux d\u2019inventer. Plusieurs groupes de travail se sont mis en place, un groupe communication, un groupe subvention, un groupe couture et un groupe cuisine. A titre d&rsquo;exemple, les galettes de rois du mois de janvier sont fabriqu\u00e9es par une \u00e9quipe cuisine et les costumes des adh\u00e9rents du gala&nbsp;sont r\u00e9alis\u00e9s par le groupe couture.<\/p>\n\n\n\n<div style=\"height:10px\" aria-hidden=\"true\" class=\"wp-block-spacer\"><\/div>\n\n\n\n<blockquote class=\"wp-block-quote\">\n<p class=\"has-medium-font-size\">\u00ab Si tu veux aller vite, vas-y seul mais si tu veux aller loin, alors il faut y aller ensemble \u00bb<\/p>\n<cite>proverbe africain<\/cite><\/blockquote>\n\n\n\n<div style=\"height:23px\" aria-hidden=\"true\" class=\"wp-block-spacer\"><\/div>\n\n\n\n<p class=\"has-medium-font-size\">L\u2019association va de l\u2019avant et se d\u00e9veloppe petit \u00e0 petit.<br>Benkadi est un peu comme un arbre qui prend solidement ses racines \u00e0 Nouvoitou sans que l\u2019on puisse pr\u00e9sager jusqu\u2019o\u00f9 ses branches et son feuillage pourront aller.<\/p>\n\n\n\n<div style=\"height:24px\" aria-hidden=\"true\" class=\"wp-block-spacer\"><\/div>\n\n\n\n<figure class=\"wp-block-image size-large\"><a href=\"http:\/\/www.benkadi.fr\/wp-content\/uploads\/2024\/03\/PMA8446-scaled.jpg\"><img loading=\"lazy\" decoding=\"async\" width=\"1024\" height=\"683\" src=\"http:\/\/www.benkadi.fr\/wp-content\/uploads\/2024\/03\/PMA8446-1024x683.jpg\" alt=\"\" class=\"wp-image-1784\" srcset=\"http:\/\/www.benkadi.fr\/wp-content\/uploads\/2024\/03\/PMA8446-1024x683.jpg 1024w, http:\/\/www.benkadi.fr\/wp-content\/uploads\/2024\/03\/PMA8446-300x200.jpg 300w, http:\/\/www.benkadi.fr\/wp-content\/uploads\/2024\/03\/PMA8446-768x513.jpg 768w, http:\/\/www.benkadi.fr\/wp-content\/uploads\/2024\/03\/PMA8446-1536x1025.jpg 1536w, http:\/\/www.benkadi.fr\/wp-content\/uploads\/2024\/03\/PMA8446-2048x1367.jpg 2048w, http:\/\/www.benkadi.fr\/wp-content\/uploads\/2024\/03\/PMA8446-800x534.jpg 800w\" sizes=\"(max-width: 1024px) 100vw, 1024px\" \/><\/a><\/figure>\n","protected":false},"excerpt":{"rendered":"<p>\u00ab BENKADI \u00bb (ou \u00ab Fraternit\u00e9 \u00bb en Malink\u00e9) est une association pr\u00e9sente sur Nouvoitou depuis mars 2001. Elle propose des temps de rencontre et de partage autour des musiques et danses d\u2019Afrique. La convivialit\u00e9 est le ma\u00eetre mot tant &#8230;<\/p>\n","protected":false},"author":3,"featured_media":0,"parent":0,"menu_order":0,"comment_status":"closed","ping_status":"open","template":"","meta":{"footnotes":""},"_links":{"self":[{"href":"http:\/\/www.benkadi.fr\/index.php?rest_route=\/wp\/v2\/pages\/860"}],"collection":[{"href":"http:\/\/www.benkadi.fr\/index.php?rest_route=\/wp\/v2\/pages"}],"about":[{"href":"http:\/\/www.benkadi.fr\/index.php?rest_route=\/wp\/v2\/types\/page"}],"author":[{"embeddable":true,"href":"http:\/\/www.benkadi.fr\/index.php?rest_route=\/wp\/v2\/users\/3"}],"replies":[{"embeddable":true,"href":"http:\/\/www.benkadi.fr\/index.php?rest_route=%2Fwp%2Fv2%2Fcomments&post=860"}],"version-history":[{"count":20,"href":"http:\/\/www.benkadi.fr\/index.php?rest_route=\/wp\/v2\/pages\/860\/revisions"}],"predecessor-version":[{"id":1920,"href":"http:\/\/www.benkadi.fr\/index.php?rest_route=\/wp\/v2\/pages\/860\/revisions\/1920"}],"wp:attachment":[{"href":"http:\/\/www.benkadi.fr\/index.php?rest_route=%2Fwp%2Fv2%2Fmedia&parent=860"}],"curies":[{"name":"wp","href":"https:\/\/api.w.org\/{rel}","templated":true}]}}